 of 16?
True
Is 1104 a multiple of 16?
True
Is 88 a factor of 2173?
False
Does 3 divide 42?
True
Is 11 a factor of 21351?
True
Is 17 a factor of 13522?
False
Does 63 divide 2079?
True
Is 8000 a multiple of 80?
True
Does 40 divide 74760?
True
Is 68 a factor of 57324?
True
Is 1430 a multiple of 47?
False
Does 5 divide 915?
True
Does 4 divide 49?
False
Does 12 divide 15768?
True
Is 37 a factor of 518?
True
Is 9 a factor of 163?
False
Does 44 divide 2508?
True
Is 182 a multiple of 37?
False
Is 52 a factor of 156?
True
Does 9 divide 27?
True
Does 5 divide 509?
False
Does 9 divide 47?
False
Does 58 divide 32142?
False
Does 12 divide 1128?
True
Is 3525 a multiple of 25?
True
Does 4 divide 168?
True
Does 145 divide 5075?
True
Does 14 divide 5534?
False
Does 17 divide 6528?
True
Is 2862 a multiple of 22?
False
Is 6 a factor of 176?
False
Is 18 a factor of 5801?
False
Is 651 a multiple of 21?
True
Does 83 divide 996?
True
Does 38 divide 20627?
False
Does 8 divide 94480?
True
Is 21425 a multiple of 343?
False
Is 13 a factor of 2687?
False
Is 4020 a multiple of 15?
True
Does 26 divide 64064?
True
Does 63 divide 11970?
True
Is 16753 a multiple of 13?
False
Is 50 a factor of 75751?
False
Is 3624 a multiple of 40?
False
Does 36 divide 26369?
False
Is 623 a multiple of 11?
False
Is 488 a multiple of 7?
False
Is 129 a multiple of 8?
False
Does 42 divide 36246?
True
Does 4 divide 793?
False
Does 43 divide 6556?
False
Does 14 divide 2604?
True
Does 212 divide 11812?
False
Is 23 a factor of 615?
False
Is 4965 a multiple of 15?
True
Does 34 divide 1734?
True
Is 24 a factor of 35352?
True
Is 374 even?
True
Is 2991 a multiple of 8?
False
Is 83 a factor of 1116?
False
Does 116 divide 8343?
False
Does 93 divide 4929?
True
Is 7 a factor of 1379?
True
Is 155 a factor of 21314?
False
Is 209 a multiple of 11?
True
Is 4328 a multiple of 8?
True
Does 6 divide 6111?
False
Is 904 a multiple of 35?
False
Is 562 a multiple of 9?
False
Does 10 divide 3314?
False
Is 3285 a multiple of 9?
True
Is 61504 a multiple of 31?
True
Is 85 a factor of 1700?
True
Is 205 a multiple of 7?
False
Is 142 a factor of 95566?
True
Is 229 a factor of 34121?
True
Is 258 a factor of 80075?
False
Does 4 divide 247?
False
Is 108 a multiple of 12?
True
Is 1949 a multiple of 23?
False
Is 4235 a multiple of 236?
False
Does 18 divide 1353?
False
Does 3 divide 213?
True
Is 274 a multiple of 6?
False
Is 2397 a multiple of 2?
False
Does 14 divide 6468?
True
Is 2 a factor of 2234?
True
Is 7 a multiple of 3?
False
Is 110 a factor of 14520?
True
Does 35 divide 735?
True
Is 8025 a multiple of 25?
True
Is 252 a multiple of 13?
False
Is 67 a factor of 14472?
True
Does 11 divide 2024?
True
Is 480 a multiple of 14?
False
Is 2 a factor of 386?
True
Does 39 divide 156?
True
Is 156 a multiple of 26?
True
Does 23 divide 18400?
True
Does 10 divide 2586?
False
Is 5 a factor of 425?
True
Does 3 divide 1548?
True
Is 27 a factor of 27079?
False
Is 29 a factor of 29688?
False
Does 14 divide 322?
True
Is 29 a factor of 2987?
True
Does 317 divide 58401?
False
Is 665 a multiple of 7?
True
Does 8 divide 703?
False
Is 2261 a multiple of 119?
True
Is 35 a factor of 980?
True
Is 81 a factor of 4663?
False
Is 9 a factor of 1167?
False
Does 18 divide 1004?
False
Is 19 a factor of 2299?
True
Is 83 a factor of 19604?
False
Does 27 divide 41716?
False
Does 114 divide 17072?
False
Is 11 a factor of 479?
False
Does 37 divide 2796?
False
Is 23496 a multiple of 89?
True
Is 2562 a multiple of 61?
True
Does 9 divide 16560?
True
Is 11 a factor of 641?
False
Is 9128 a multiple of 39?
False
Is 49 a factor of 9310?
True
Is 1521 a multiple of 39?
True
Does 70 divide 24168?
False
Does 34 divide 2176?
True
Is 19 a factor of 9576?
True
Does 16 divide 67393?
False
Does 3 divide 99?
True
Is 7 a factor of 1763?
False
Is 66 a factor of 208?
False
Is 1886 a multiple of 8?
False
Is 10 a factor of 1241?
False
Is 51 a factor of 362?
False
Is 11788 a multiple of 47?
False
Is 10 a factor of 26610?
True
Does 89 divide 356?
True
Is 78 a factor of 1937?
False
Is 323 a multiple of 19?
True
Does 76 divide 304?
True
Does 67 divide 20904?
True
Is 18 a factor of 1181?
False
Is 1573 a multiple of 8?
False
Does 23 divide 11155?
True
Is 35 a factor of 3063?
False
Does 66 divide 1585?
False
Is 27 a factor of 95807?
False
Does 14 divide 840?
True
Is 204 a multiple of 12?
True
Is 13 a factor of 9541?
False
Is 159 a factor of 11232?
False
Is 34957 a multiple of 13?
True
Does 7 divide 2784?
False
Does 9 divide 1738?
False
Does 17 divide 153?
True
Does 21 divide 226?
False
Is 284 a multiple of 4?
True
Is 26 a factor of 309?
False
Is 55 a factor of 2750?
True
Does 15 divide 4245?
True
Does 14 divide 20440?
True
Is 99 a multiple of 2?
False
Is 948 a multiple of 43?
False
Is 14 a factor of 1657?
False
Does 149 divide 5215?
True
Is 90 a factor of 19961?
False
Does 6 divide 12678?
True
Is 28770 a multiple of 7?
True
Is 900 a multiple of 28?
False
Is 85 a factor of 27416?
False
Is 4 a factor of 132?
True
Is 72124 a multiple of 292?
True
Is 2 a factor of 209?
False
Does 4 divide 828?
True
Is 10 a factor of 540?
True
Does 16 divide 976?
True
Does 24 divide 1080?
True
Does 63 divide 41958?
True
Is 36 a factor of 11556?
True
Does 21 divide 168?
True
Is 1329 a multiple of 15?
False
Does 12 divide 33061?
False
Is 1216 a multiple of 38?
True
Does 3 divide 20?
False
Does 17 divide 7752?
True
Does 16 divide 5017?
False
Is 3 a factor of 66?
True
Does 53 divide 742?
True
Is 31 a multiple of 17?
False
Is 11 a factor of 2174?
False
Is 12 a factor of 31444?
False
Does 8 divide 2360?
True
Is 34 a factor of 15661?
False
Does 6 divide 210?
True
Does 24 divide 1922?
False
Is 89 a factor of 28064?
False
Does 11 divide 6828?
False
Is 17 a factor of 30855?
True
Is 38 a factor of 1312?
False
Does 32 divide 5637?
False
Does 39 divide 1072?
False
Is 2130 a multiple of 5?
True
Is 5 a factor of 187?
False
Does 15 divide 2580?
True
Is 59 a factor of 10781?
False
Is 4914 a multiple of 7?
True
Is 45 a factor of 1343?
False
Is 216 a multiple of 23?
False
Is 7 a factor of 1092?
True
Is 768 a multiple of 24?
True
Is 38123 a multiple of 65?
False
Is 157 a factor of 66137?
False
Is 2484 a multiple of 46?
True
Is 33 a factor of 2668?
False
Does 117 divide 106470?
True
Does 6 divide 139?
False
Is 55 a factor of 715?
True
Is 61088 a multiple of 83?
True
Is 2112 a multiple of 24?
True
Is 2261 a multiple of 9?
False
Is 8 a factor of 38392?
True
Is 2310 a multiple of 77?
True
Does 21 divide 3309?
False
Is 21 a factor of 903?
True
Is 11118 a multiple of 12?
False
Is 836 a multiple of 19?
True
Is 200 a multiple of 4?
True
Does 22 divide 16962?
True
Is 4219 a multiple of 15?
False
Is 1256 a multiple of 27?
False
Is 90 a factor of 3212?
False
Is 8 a factor of 2808?
True
Does 47 divide 27495?
True
Is 9 a factor of 4002?
False
Is 5601 a multiple of 108?
False
Is 8 a factor of 208?
True
Is 19 a factor of 1881?
True
Is 1683 a multiple of 11?
True
Does 4 divide 3235?
False
Is 40382 a multiple of 51?
False
Is 143 a multiple of 3?
False
Is 86 a multiple of 11?
False
Is 1785 a multiple of 14?
False
Is 5355 a multiple of 310?
False
Is 9243 a multiple of 11?
False
Is 13650 a multiple of 26?
True
Does 135 divide 56203?
False
Is 2240 a multiple of 5?
True
Is 8 a factor of 57?
False
Is 192 a factor of 24737?
False
Is 20 a factor of 2860?
True
Does 13 divide 1085?
False
Is 205 even?
False
Is 55814 a multiple of 11?
True
Does 43 divide 587?
False
Is 2756 a multiple of 6?
False
Is 22 a factor of 3828?
True
Is 40 a factor of 7040?
True
Is 117 a factor of 24570?
True
Is 65 a multiple of 6?
False
Is 33672 a multiple of 8?
True
Is 21495 a multiple of 2?
False
Is 20 a factor of 1700?
True
Does 13 divide 25285?
True
Does 75 divide 702?
False
Is 10 a factor of 3576?
False
Is 63 a factor of 7119?
True
Is 783 a multiple of 5?
False
Is 10 a factor of 239?
False
Is 74 a factor of 132824?
False
Does 10 divide 40050?
True
Is 7284 a multiple of 12?
True
Does 7 divide 59388?
True
Is 212 a factor of 2176?
False
Is 53 a factor of 25781?
False
Is 3018 a multiple of 24?
False
Does 2 divide 244?
True
Does 38 divide 39704?
False
Does 41 divide 44321?
True
Is 40 a factor of 10191?
False
Does 10 divide 32015?
False
Is 1638 a multiple of 7?
True
Does 103 divide 6